{"id":91,"date":"2016-04-17T14:23:29","date_gmt":"2016-04-17T12:23:29","guid":{"rendered":"http:\/\/holzschuh-schreinerei.de\/?page_id=91"},"modified":"2025-01-10T17:13:20","modified_gmt":"2025-01-10T16:13:20","slug":"agb","status":"publish","type":"page","link":"https:\/\/holzschuh-schreinerei.de\/index.php\/agb\/","title":{"rendered":"AGB"},"content":{"rendered":"<p>ALLGEMEINE GESCH\u00c4FTSBEDINGUNGEN<br \/>\ndes Tischler- und Schreinerhandwerks (Stand 01.12.2021)<\/p>\n<p>1. Grunds\u00e4tzliches<br \/>\nEs gilt deutsches Recht. Die AGB gelten unabh\u00e4ngig davon, ob wir als<br \/>\nAuftragnehmer oder Auftraggeber Vertragspartei werden. Unseren AGB<br \/>\nentgegenstehende, abweichende Bedingungen des Kunden oder Lieferanten wird widersprochen. Die AGB gelten nicht bei Vergaben nach VOB\/A oder VOL\/A.<\/p>\n<p>2. Weitere Vertragsgrundlagen<br \/>\n2.1 Auftragsannahme<br \/>\nBis zur Auftragsannahme sind alle Angebote freibleibend. Weicht der Auftrag des Auftraggebers von unserem Angebot ab, so kommt ein Vertrag in diesem Falle erst mit der Best\u00e4tigung des Auftragnehmers zustande.<\/p>\n<p>2.2 Lieferverz\u00f6gerung<br \/>\nWird die von uns geschuldete Leistung durch h\u00f6here Gewalt, rechtm\u00e4\u00dfigen Streik, unverschuldetes Unverm\u00f6gen auf Seiten des Auftragnehmers oder ei-nes seiner Lieferanten sowie ung\u00fcnstige Witterungsverh\u00e4ltnisse verz\u00f6gert, so verl\u00e4ngert sich die vereinbarte Lieferfrist um die Dauer der Verz\u00f6gerung. Dau-ert die Verz\u00f6gerung unangemessen lange, so kann jeder Vertragsteil ohne Er-satzleistung vom Vertrag zur\u00fccktreten. Kann die Lieferung aufgrund von Um-st\u00e4nden, die der Auftraggeber zu vertreten hat, nicht zum vereinbarten Termin erfolgen, so geht die Gefahr in dem Zeitpunkt auf den Auftraggeber \u00fcber, in dem ihm die Anzeige \u00fcber die Lieferbereitschaft zugegangen ist. Lagerkosten gehen zu Lasten des Auftraggebers. Wir behalten uns die Geltendmachung weiterer Verz\u00f6gerungskosten vor.<\/p>\n<p>2.3 Mangelr\u00fcge<br \/>\nOffensichtliche M\u00e4ngel unserer Leistung m\u00fcssen von Unternehmern zwei Wo-chen nach Lieferung der Ware oder bei Abnahme der Leistung schriftlich ger\u00fcgt werden. Nach Ablauf dieser Frist k\u00f6nnen M\u00e4ngelanspr\u00fcche wegen offensicht-licher M\u00e4ngel nicht mehr geltend gemacht werden. Die weitergehenden Vor-schriften bei Handelskauf bleiben unber\u00fchrt.<\/p>\n<p>2.4. Mangelverj\u00e4hrung<br \/>\nBei Vertr\u00e4gen mit Unternehmern, die keine Bauleistung betreffen, betr\u00e4gt die<br \/>\nGew\u00e4hrleistung ein Jahr. Bei Reparaturarbeiten, die keine Bauleistung darstel-len, gilt eine Verj\u00e4hrung der Gew\u00e4hrleistung von einem Jahr ohne R\u00fccksicht auf die Person des Vertragspartners. Die Regelungen dieses Absatzes gelten nicht, soweit Vorsatz oder grobe Fahrl\u00e4ssigkeit vorliegt oder Anspr\u00fcche wegen der Verletzung des Lebens, des K\u00f6rpers oder der Gesundheit geltend gemacht werden oder soweit der Verk\u00e4ufer den Mangel arglistig verschwiegen hat oder eine Garantie f\u00fcr die Beschaffenheit des Liefergegenstandes \u00fcbernommen hat.<\/p>\n<p>2.5 Umsetzung der Gew\u00e4hrleistung<br \/>\nBei berechtigten M\u00e4ngelr\u00fcgen haben wir die Wahl, entweder die mangelhaften Liefergegenst\u00e4nde nachzubessern oder dem Auftraggeber gegen R\u00fccknahme des beanstandeten Gegenstandes Ersatz zu liefern. Solange wir unseren Ver-pflichtungen auf Behebung der M\u00e4ngel nachkommen, hat der Auftraggeber nicht das Recht, Herabsetzung der Verg\u00fctung oder R\u00fcckg\u00e4ngigmachung des Vertrages zu verlangen, sofern nicht ein Fehlschlagen der Nachbesserung vor-liegt. Ist eine Nachbesserung oder Ersatzlieferung unm\u00f6glich, schl\u00e4gt sie fehl oder wird sie verweigert, kann der Auftraggeber nach seiner Wahl einen ent-sprechenden Preisnachlass oder R\u00fcckg\u00e4ngigmachung des Vertrages verlan-gen. Satz 1 gilt nicht bei Verbrauchergesch\u00e4ften \u00fcber den Bezug beweglicher Sachen.<\/p>\n<p>2.6. Aus- und Einbaukosten<br \/>\nDie gesetzliche Regelung im Kaufvertragsrecht gilt uneingeschr\u00e4nkt f\u00fcr die<br \/>\nGeltendmachung von Aus- und Einbaukosten.<\/p>\n<p>2.7. Anlieferung<br \/>\nBeim Anliefern setzen wir voraus, dass das Fahrzeug unmittelbar an das Ge-b\u00e4ude fahren und entladen werden kann. Mehrkosten, die durch weitere Trans-portwege oder wegen erschwerter Anfuhr vom Fahrzeug zum Geb\u00e4ude verur-sacht werden, werden gesondert berechnet. F\u00fcr Transporte \u00fcber das 2. Stock-werk hinaus sind mechanische Transportmittel vom Auftraggeber bereitzustel-len. Treppen m\u00fcssen passierbar und gegen Besch\u00e4digung gesch\u00fctzt sein. Wird die Ausf\u00fchrung unserer Arbeiten oder der von uns beauftragten Personen durch Umst\u00e4nde behindert, die der Auftraggeber zu vertreten hat, so werden die entsprechenden Kosten (z. B. Arbeitszeit und Fahrtkosten) in Rechnung gestellt.<\/p>\n<p>2.8 Abschlagszahlung<br \/>\nIst kein individueller Zahlungsplan vereinbart, k\u00f6nnen wir f\u00fcr Teilleistungen in H\u00f6he des Wertes der erbrachten Leistungen eine Abschlagzahlung verlangen.<\/p>\n<p>3. F\u00f6rmliche Abnahme<br \/>\nSofern vertraglich eine f\u00f6rmliche Abnahme vorgesehen ist, tritt die Abnahme-wirkung auch dann ein, wenn der Auftraggeber einmal vergeblich und in zumut-barer Weise zur Durchf\u00fchrung der Abnahme aufgefordert wurde. Die Abnah-mewirkung tritt zw\u00f6lf Werktage nach Zugang der Aufforderung ein.<\/p>\n<p>4. K\u00fcndigungsentsch\u00e4digung<br \/>\nK\u00fcndigt der Auftraggeber den Werkvertrag ohne Grund, k\u00f6nnen wir zehn Pro-zent der auf den noch nicht erbrachten Teil der Werkleistung entfallenden ver-einbarten Verg\u00fctung (K\u00fcndigungsentsch\u00e4digung) verlangen. Es bleibt uns un-benommen, bei entsprechendem Nachweis eine h\u00f6here K\u00fcndigungsentsch\u00e4-digung zu verlangen. Ebenso bleibt dem Auftraggeber der Nachweis unbenom-men, dass uns keine oder eine geringere K\u00fcndigungsentsch\u00e4digung zusteht.<\/p>\n<p>5. Wartungs-, Kontroll- und Pflegehinweise<\/p>\n<p>5.1 Wir weisen darauf hin, dass f\u00fcr eine dauerhafte Funktion Wartungsarbeiten durchzuf\u00fchren sind, insbesondere:<br \/>\n\u2013 Beschl\u00e4ge und g\u00e4ngige Bauteile sind zu kontrollieren und evtl. zu \u00f6len oder zu fetten<br \/>\n\u2013 Abdichtungsfugen sind regelm\u00e4\u00dfig zu kontrollieren<br \/>\n\u2013 Anstriche innen wie au\u00dfen (z.B. Fenster, Fu\u00dfb\u00f6den, Treppenstufen) sind je-weils nach Lack- oder Lasurart und Witterungseinfluss und Nutzung nachzube-handeln Diese Arbeiten geh\u00f6ren nicht zum Auftragsumfang, wenn nicht aus-dr\u00fccklich anders vereinbart. Unterlassene Wartungsarbeiten k\u00f6nnen die Le-bensdauer und Funktionst\u00fcchtigkeit der Bauteile beeintr\u00e4chtigen, ohne dass hierdurch M\u00e4ngelanspr\u00fcche entstehen.<\/p>\n<p>5.2 Durch den fachgerechten Einbau moderner Fenster und Au\u00dfent\u00fcren wird die energetische Qualit\u00e4t des Geb\u00e4udes verbessert und die Geb\u00e4udeh\u00fclle dichter. Um die Raumluftqualit\u00e4t zu erhalten und der Schimmelpilzbildung vor-zubeugen, sind zus\u00e4tzliche Anforderungen an die Be- und Entl\u00fcftung des Ge-b\u00e4udes nach DIN 1946-6 zu erf\u00fcllen. Ein insoweit eventuell notwendiges L\u00fcf-tungskonzept, ist eine planerische Aufgabe, die nicht Gegenstand des Auftra-ges an den Handwerker ist und in jedem Fall vom Auftraggeber\/Bauherrn zu veranlassen ist.<\/p>\n<p>5.3 Unwesentliche, zumutbare Abweichungen in den Abmessungen und<br \/>\nAusf\u00fchrungen (Farbe und Struktur), insbesondere bei Nachbestellungen, blei-ben vorbehalten, soweit diese in der Natur der verwendeten Materialien (Mas-sivh\u00f6lzer, Furniere, Leder, Stoffe und \u00c4hnliches) liegen und \u00fcblich sind.<\/p>\n<p>5.4 Der Auftraggeber hat zum Schutz und Erhalt der gelieferten Bauteile (z.B.<br \/>\nFenster, Treppen, Parkett) f\u00fcr geeignete klimatische Raumbedingungen<br \/>\n(Luftfeuchtigkeit, Temperatur) Sorge zu tragen.<\/p>\n<p>6. Ausschluss der Aufrechnung<br \/>\nDie Aufrechnung mit anderen als unbestrittenen oder rechtskr\u00e4ftig festgestell-ten Forderungen ist ausgeschlossen.<\/p>\n<p>7. Eigentumsvorbehalt<\/p>\n<p>7.1 Gelieferte Gegenst\u00e4nde bleiben bis zur vollen Bezahlung der Verg\u00fctung unser Eigentum.<\/p>\n<p>7.2 Der Auftraggeber ist verpflichtet, uns Pf\u00e4ndungen der Eigentumsvorbe-haltsgegenst\u00e4nde unverz\u00fcglich in Textform anzuzeigen und die Pfandgl\u00e4ubiger von dem Eigentumsvorbehalt zu unterrichten. Der Auftraggeber ist nicht be-rechtigt, die ihm unter Eigentumsvorbehalt gelieferten Gegenst\u00e4nde zu<br \/>\nver\u00e4u\u00dfern, zu verschenken, zu verpf\u00e4nden oder zur Sicherheit zu \u00fcbereignen.<\/p>\n<p>7.3 Erfolgt die Lieferung f\u00fcr einen vom Auftraggeber unterhaltenen Gesch\u00e4fts-betrieb, so d\u00fcrfen die Gegenst\u00e4nde im Rahmen einer ordnungsgem\u00e4\u00dfen Ge-sch\u00e4ftsf\u00fchrung weiter ver\u00e4u\u00dfert werden. In diesem Falle werden die<br \/>\nForderungen des Auftraggebers gegen den Abnehmer aus der Ver\u00e4u\u00dferung bereits jetzt in H\u00f6he des Rechnungswertes des gelieferten Vorbehaltsgegen-standes an uns abgetreten. Bei Weiterver\u00e4u\u00dferung der Gegenst\u00e4nde auf Kre-dit hat sich der Auftraggeber gegen\u00fcber seinem Abnehmer das Eigentum vor-zubehalten. Die Rechte und Anspr\u00fcche aus diesem Eigentumsvorbehalt ge-gen\u00fcber seinem Abnehmer tritt der Auftraggeber hiermit an uns ab.<\/p>\n<p>7.4 Werden Eigentumsvorbehaltsgegenst\u00e4nde als wesentliche Bestandteile in das Grundst\u00fcck des Auftraggebers eingebaut, so tritt der Auftraggeber schon jetzt die aus einer Ver\u00e4u\u00dferung des Grundst\u00fcckes oder von Grundst\u00fccksrech-ten entstehenden Forderungen in H\u00f6he des Rechnungswertes der<br \/>\nEigentumsvorbehaltsgegenst\u00e4nde mit allen Nebenrechten an uns ab.<\/p>\n<p>7.5 Werden die Eigentumsvorbehaltsgegenst\u00e4nde vom Auftraggeber bzw. im<br \/>\nAuftrag des Auftraggebers als wesentliche Bestandteile in das Grundst\u00fcck ei-nes Dritten eingebaut, so tritt der Auftraggeber schon jetzt gegen den Dritten oder den, den es angeht, etwa entstehende Forderungen auf Verg\u00fctung in H\u00f6he des Rechnungswertes der Eigentumsvorbehaltsgegenst\u00e4nde mit allen Nebenrechten an uns ab. Bei Verarbeitung, Verbindung und Vermischung der Vorbehaltsgegenst\u00e4nde mit anderen Gegenst\u00e4nden durch den Auftraggeber steht uns das Miteigentum an der neuen Sache zu im Verh\u00e4ltnis des Rech-nungswertes der Vorbehaltsgegenst\u00e4nde zum Wert der \u00fcbrigen Gegenst\u00e4nde.<\/p>\n<p>8. Eigentums- und Urheberrecht<br \/>\nAn Kostenanschl\u00e4gen, Entw\u00fcrfen, Zeichnungen und Berechnungen behalten wir uns unser Eigentums- und Urheberrecht vor. Sie d\u00fcrfen ohne unsere Zu-stimmung weder genutzt, vervielf\u00e4ltigt noch dritten Personen zug\u00e4nglich ge-macht werden. Sie sind im Falle der Nichterteilung des Auftrages unverz\u00fcglich zur\u00fcckzugeben.<\/p>\n<p>9. Streitbeilegung<br \/>\nWir sind weder bereit noch zur Teilnahme an Streitbeilegungsverfahren vor ei-ner Verbraucherschlichtungsstelle verpflichtet.<\/p>\n<p>10. Gerichtsstand<br \/>\nSind beide Vertragsparteien Kaufleute, so ist ausschlie\u00dflicher Gerichtsstand der Gesch\u00e4ftssitz unseres Unternehmens.<\/p>\n<p>11. Datenschutz<br \/>\nDie personenbezogenen Daten unserer Kunden werden von uns zwecks Erf\u00fcl-lung unserer eigenen vorvertraglichen und vertraglichen Pflichten sowie zur Vertragsdurchf\u00fchrung in Form von Namen, Adresse und Kommunikationsdaten des Gesch\u00e4fts- bzw. Wohnsitzes maschinenlesbar gespeichert. Diese Daten-erhebung und Datenverarbeitung beruht auf Artikel 6 Abs. 1 b) DSGVO. Wir sichern zu, diese Daten ausschlie\u00dflich zu eigenen Zwecken zu speichern. Ins-besondere werden sie in keiner Weise an unberechtigte Dritte zu gewerblichen Zwecken \u00fcbermittelt. Die Daten werden gel\u00f6scht, sobald sie f\u00fcr den Zweck ih-rer Verarbeitung nicht mehr<br \/>\nerforderlich sind. Personen, deren Daten wir auf diese Weise erhoben und<br \/>\nverarbeitet haben, sind berechtigt, bei uns Auskunft dar\u00fcber zu verlangen, wel-che sie betreffenden Daten bei uns gespeichert sind. Bei Unrichtigkeit der er-fassten Daten k\u00f6nnen diese Personen von uns die Berichtigung, bei unzul\u00e4ssi-ger Datenspeicherung die L\u00f6schung der Daten verlangen. Auch steht ihnen ein Beschwerderecht bei der f\u00fcr den Datenschutz zust\u00e4ndigen Aufsichtsbeh\u00f6rde zu.<\/p>\n","protected":false},"excerpt":{"rendered":"<p>ALLGEMEINE GESCH\u00c4FTSBEDINGUNGEN des Tischler- und Schreinerhandwerks (Stand 01.12.2021) 1. Grunds\u00e4tzliches Es gilt deutsches Recht. Die AGB gelten unabh\u00e4ngig davon, ob wir als Auftragnehmer oder Auftraggeber Vertragspartei werden. Unseren AGB entgegenstehende, abweichende Bedingungen des Kunden oder Lieferanten wird widersprochen. Die AGB gelten nicht bei Vergaben nach VOB\/A oder VOL\/A. 2. Weitere Vertragsgrundlagen 2.1 Auftragsannahme Bis zur &hellip; <a href=\"https:\/\/holzschuh-schreinerei.de\/index.php\/agb\/\" class=\"more-link\">Continue reading <span class=\"screen-reader-text\">AGB<\/span><\/a><\/p>\n","protected":false},"author":1,"featured_media":0,"parent":0,"menu_order":0,"comment_status":"closed","ping_status":"closed","template":"","meta":{"footnotes":""},"class_list":["post-91","page","type-page","status-publish","hentry"],"_links":{"self":[{"href":"https:\/\/holzschuh-schreinerei.de\/index.php\/wp-json\/wp\/v2\/pages\/91","targetHints":{"allow":["GET"]}}],"collection":[{"href":"https:\/\/holzschuh-schreinerei.de\/index.php\/wp-json\/wp\/v2\/pages"}],"about":[{"href":"https:\/\/holzschuh-schreinerei.de\/index.php\/wp-json\/wp\/v2\/types\/page"}],"author":[{"embeddable":true,"href":"https:\/\/holzschuh-schreinerei.de\/index.php\/wp-json\/wp\/v2\/users\/1"}],"replies":[{"embeddable":true,"href":"https:\/\/holzschuh-schreinerei.de\/index.php\/wp-json\/wp\/v2\/comments?post=91"}],"version-history":[{"count":4,"href":"https:\/\/holzschuh-schreinerei.de\/index.php\/wp-json\/wp\/v2\/pages\/91\/revisions"}],"predecessor-version":[{"id":561,"href":"https:\/\/holzschuh-schreinerei.de\/index.php\/wp-json\/wp\/v2\/pages\/91\/revisions\/561"}],"wp:attachment":[{"href":"https:\/\/holzschuh-schreinerei.de\/index.php\/wp-json\/wp\/v2\/media?parent=91"}],"curies":[{"name":"wp","href":"https:\/\/api.w.org\/{rel}","templated":true}]}}